
Let w(f) = f**3 + 13*f**2 - f + 14. What are the prime factors of w(-6)?
2, 17
What are the prime factors of -8 - -10 - (7 - 1199)?
2, 3, 199
Let f(r) = 18*r - 7. Suppose 3*q + 2*v - 18 = 0, 2*q + 6*v - 20 = 2*v. Let m be f(q). Let w = -18 + m. List the prime factors of w.
47
Suppose -4*f - 1412 = -3*w, -1018 = -3*w - 4*f + 426. What are the prime factors of w?
2, 7, 17
Let p(g) = -10*g + 17. Let o be p(-11). Let b = o + -55. What are the prime factors of b?
2, 3
Let m(d) = d - 25. Let t be (-11)/(-2 - -3 - 2). Let q be m(t). Let p = q - -44. List the prime factors of p.
2, 3, 5
Suppose -34*d + 5766 = -3*d. List the prime factors of d.
2, 3, 31
Suppose l = -14 + 19. Suppose 0*b = -2*b - 4*p + 130, 3*b = l*p + 140. What are the prime factors of b?
5, 11
Suppose -22*x + 33*x - 1716 = 0. List the prime factors of x.
2, 3, 13
Let d(p) = -2 - 4*p**2 + 2*p + 6*p**2 + 4*p**2 - 7*p**2 + 78*p**3. List the prime factors of d(1).
7, 11
Let y = 79 + -19. Let r be 2/(-4)*y/(-6). Suppose r*k - 1 = 179. What are the prime factors of k?
2, 3
Suppose 2*c - 7 = 5. Suppose 0 = -2*p + 2*k + c, -k + 12 = 4*p - 4*k. What are the prime factors of p?
3
Let l = -1475 - -2143. What are the prime factors of l?
2, 167
Suppose -4*w + 14742 = 35*w. What are the prime factors of w?
2, 3, 7
Suppose -j + 4*j = 270. Suppose 0 = -0*m - 5*m + j. Let h = 49 - m. List the prime factors of h.
31
Let g be 0 + -2 + (-420)/(-14). Let l = -16 + g. Suppose 2*x = 5*b + 24 + 51, -4*b = -l. What are the prime factors of x?
3, 5
Suppose 2*s - 720 = -2*n, s - 278 = n + 82. What are the prime factors of s?
2, 3, 5
Let i = 31 + -107. Suppose 2*l = b - 1, 5*b - 9*b - 6 = -3*l. List the prime factors of (20/8 + b)*i.
2, 19
Let f be ((-126)/(-105))/(4/(-30)). Let c = f - -3. What are the prime factors of c/14 + (-650)/(-14)?
2, 23
Let d = 63 - 60. Suppose -4*u - d*k + 332 = -208, 4*k = -2*u + 270. List the prime factors of u.
3, 5
What are the prime factors of 12/(-54) - 11024/(-36)?
2, 3, 17
Let h(d) = d**2 + 9 + 5*d - 9*d - 5*d. Let l be h(8). List the prime factors of l + -2 + 15 + 2.
2
Let k(a) = -a + 126. Let d be (-1)/1*(2 + -2). Let u be k(d). Suppose 4*p + u = 5*w - 0*p, -5*w + 2*p + 118 = 0. List the prime factors of w.
2, 11
Suppose 5*g = -5*x + 25, -3*x - 3*g + 8*g + 7 = 0. Suppose 0 = 3*m - 0*o + 4*o + 4, -4*m - x*o = 4. What are the prime factors of -17*(1 + -2 - m)?
17
Let b = 2318 - 914. List the prime factors of b.
2, 3, 13
What are the prime factors of 3 + 7 - 3052/(-1)?
2, 1531
Suppose -4*w - o - 3*o = -40, 0 = -5*w + 2*o + 36. Suppose w*p - 222 = 5*p. List the prime factors of p.
2, 37
Let m(n) = -14*n + 582. List the prime factors of m(-39).
2, 3, 47
Suppose -f + 6*q = q - 248, 2*q - 992 = -4*f. Suppose 0 = -0*y + 5*y - 2*t - 632, 2*y + 4*t = f. What are the prime factors of y?
2, 3, 7
Let x = -45 + 48. Suppose 0 = -x*h + 144 + 120. List the prime factors of h.
2, 11
Suppose -l - 64 = -5*u, -3*u + 0*u - l = -32. List the prime factors of u.
2, 3
Let t = -144 + 66. Let g = t - -141. Suppose -4*c - 19 + g = 0. List the prime factors of c.
11
Suppose -2202 = 5*g - 4*h - 8095, -4*h = 8. List the prime factors of g.
11, 107
Let p(j) = 174*j**2 - 20*j + 64. List the prime factors of p(5).
2, 3, 719
Suppose 15 = -2*f + 2*j + 3*j, 4*f - 12 = -4*j. Suppose -5*h + 4*n + 481 = f, 2*h = n + 166 + 27. List the prime factors of h.
97
Suppose 0 = -3*d - 7 - 11. Let c(v) = v**3 + 7*v**2 - 3*v + 4. What are the prime factors of c(d)?
2, 29
Suppose 4*q + 0*q + 19 = 5*d, -5*d + q + 16 = 0. Suppose d*z - 31 = 2*z. List the prime factors of z.
31
Suppose -5*a - f = -15031, 11*f - 7*f = -2*a + 6016. List the prime factors of a.
2, 3, 167
Suppose -5*m = -5*k - 4134 - 4081, 5*k + 1663 = m. List the prime factors of m.
2, 3, 7, 13
Suppose -2*m + 5*c + 37 = 2, 0 = 2*m + c - 5. Let d be (m + -8)/(1/(-1)). Suppose 0 = -d*z - g + 136 - 39, 20 = -4*g. List the prime factors of z.
2, 17
Suppose -2*x = 3*k - k, -2*k = 0. Suppose -4*r = -c - 15, x = -5*r + c + c + 18. Suppose r*v = 50 + 14. List the prime factors of v.
2
Let v be 1/2*0*(-21)/42. Let o(y) = y - 6. Let f be o(7). What are the prime factors of 13 + f + 0 - v?
2, 7
Let y(a) be the first derivative of -a**7/840 - a**6/120 + a**5/15 + 2*a**3 - 7. Let w(g) be the third derivative of y(g). What are the prime factors of w(-6)?
2, 3, 5
Let p(c) = -c**2 - 16*c + 6. Let b be p(-16). List the prime factors of (238/(-21))/(b/(-45)).
5, 17
Let w = 250 + 27. Suppose -86 - w = -3*i. List the prime factors of i.
11
Suppose 149*m = 151*m - 1398. List the prime factors of m.
3, 233
Let l be 5 + 5/(25/(-430)). Let n be 8/(-24) + (-134)/3. Let m = n - l. List the prime factors of m.
2, 3
Let g(o) be the second derivative of o**5/20 + o**4/12 + o**3/6 + o**2/2 - 4*o. Let t be g(2). Let r = t + 17. List the prime factors of r.
2
Let t = 111 + 31. List the prime factors of t.
2, 71
Suppose 0 = 3*m + 7 + 20. Let h be (-2)/m - 692/36. Let j = 36 + h. What are the prime factors of j?
17
Let d(y) = -131*y**3 + 3*y**2 + 6*y + 3. List the prime factors of d(-2).
1051
Let q = 1 - 9. List the prime factors of 1/(-5) + (-329)/35*q.
3, 5
Suppose -22*j + 763 = -15*j. List the prime factors of j.
109
Let f = 90 - 54. Suppose -9*b + f = -3*b. What are the prime factors of b?
2, 3
Let f be (-20)/((-7)/((-2394)/(-12))). Suppose 2*v = 8*v - f. What are the prime factors of v?
5, 19
Suppose v + 4*j - 865 = 0, v - 462 = 5*j + 430. What are the prime factors of v?
877
Let p(g) = -2*g - 6. Let b be (-16)/(-7) - (-22)/(-77). Suppose -4*d = i - 1, -b*i - 17 = -i - 2*d. List the prime factors of p(i).
2
Suppose -t = -6*t - 3*f + 73, -13 = -t + f. Let x = t + -16. List the prime factors of x/1*6/(-4).
3
Let b = -1790 + 3435. List the prime factors of b.
5, 7, 47
Let r(t) be the first derivative of t**2/2 - 13*t - 4. Let w be r(16). Suppose h + w*o - 23 = -0*o, 2*o - 19 = -h. What are the prime factors of h?
11
Let h = 1999 + -1642. What are the prime factors of h?
3, 7, 17
Suppose 0 = -2*u - 1 + 9. Let a(i) = i**2 + 10*i - 8. Let g be a(-12). Suppose 2*b - 3*y = 20, 0*y + u*y + g = 2*b. List the prime factors of b.
2
Let y(s) = 92*s + 3. Let o be y(-1). Suppose 2*m = -2*m + 508. Let w = m + o. List the prime factors of w.
2, 19
Let r be 72 + (-3 + 2)*3. Let a = r + -13. What are the prime factors of a?
2, 7
Let q = -76 - -40. Let a = q + 26. Let l(u) = -u**2 - 10*u + 9. What are the prime factors of l(a)?
3
Suppose 2*p + 1046 - 5550 = 0. What are the prime factors of p?
2, 563
Let u be (-55 + 3)*-1*(-3)/(-2). Suppose -z + u = 25. What are the prime factors of z?
53
Let v(x) = x**3 - 9*x**2 - 8*x - 16. Let b be v(8). Let s = -81 - b. List the prime factors of s.
3, 7
Let i(t) = -t - 2. Let k be i(-7). Suppose b + k = -0*b - 5*j, b - 11 = 3*j. Suppose 3*g = 4*y + 53, g + b*y - y - 23 = 0. List the prime factors of g.
19
Let m(u) = -2*u**3 + 7*u**2 + 8*u + 8. What are the prime factors of m(-6)?
2, 7, 23
Let r be ((-729)/36)/((-3)/(-8)). Let y = 143 + r. What are the prime factors of y?
89
Let x be 8/(-6)*(-4485)/(-26). Let a = x + 358. List the prime factors of a.
2
Suppose 0 = t, -2*m - 2*t - 5 = -3*m. Suppose -m*k = 6 - 26. Suppose -3*s + k*l - 7 = 0, 5*s + l - 8 - 11 = 0. List the prime factors of s.
3
Suppose 2*a + 4172 + 6689 = 5*m, -4351 = -2*m + 3*a. What are the prime factors of m?
13, 167
Let d be 18/8 - 3/12. Suppose 6*g = 2*i + 4*g + 22, d*i + 32 = 4*g. Let b(c) = -5*c + 8. What are the prime factors of b(i)?
2, 19
Let a be (1 - (-1 + -2))/(2/(-6)). Let d = a - -166. List the prime factors of d.
2, 7, 11
Suppose 0 = 3*s - 5*n - 0*n - 37, s + n - 15 = 0. Let b = s - -1. What are the prime factors of ((-5)/b)/(1/(-57))?
19
Let o = 1 + -9. Let r(u) = -u**2 - 9*u - 3. Let j be r(o). Suppose h - j*h = -124. List the prime factors of h.
31
Let s(b) = -3*b**2 + 4*b - 9 - 2*b**2 + 7*b**2. Suppose 6*k = -3*k - 45. What are the prime factors of s(k)?
3, 7
Let j(a) = 263 - 263 - 5*a. Suppose 4*w = -2*m - 2, -3*w - w + 1 = m. List the prime factors of j(m).
3, 5
Suppose 0 = -5*j + 5*v - 0 + 15, 0 = 5*j - 2*v - 18. Suppose -z - j*k = -157 - 2, z + 2*k = 149. List the prime factors of z.
139
Let w = 169 + 7. Let d = 412 - w. List the prime factors of d.
2, 59
Let m be 86/8 - (-8)/32 - 3. S